prime number?
True
Is 662451809 composite?
False
Is 9438829 a composite number?
False
Is 52581605 composite?
True
Is 80089727 a composite number?
True
Is 12742649 a composite number?
True
Is 12810557 a composite number?
False
Is 4757009 a composite number?
False
Is 32552743 a prime number?
True
Is 2755217 prime?
False
Is 1798009 a composite number?
False
Is 19064621 prime?
True
Is 7045807 a composite number?
False
Is 27157813 a composite number?
False
Is 721819237 a composite number?
False
Is 4961233 a composite number?
True
Is 26173817 a composite number?
False
Is 87607609 a prime number?
True
Is 125247697 prime?
True
Is 1807229 a composite number?
True
Is 4960823 a prime number?
False
Is 234607777 prime?
False
Is 2715521 a composite number?
False
Is 28434173 a prime number?
False
Is 15404531 a prime number?
True
Is 25723793 a composite number?
False
Is 5773463 prime?
False
Is 1162177 composite?
True
Is 11859751 a prime number?
True
Is 122080639 composite?
False
Is 22270561 composite?
True
Is 21721591 prime?
False
Is 28503319 composite?
True
Is 4490179 a prime number?
True
Is 9811 a prime number?
True
Is 10180579 a prime number?
True
Is 1126379 a composite number?
True
Is 64540139 prime?
False
Is 576989345 composite?
True
Is 8705611 a composite number?
False
Is 2666087 a prime number?
True
Is 3262139 composite?
False
Is 9629813 a composite number?
False
Is 792413 a composite number?
False
Is 1982018017 a composite number?
True
Is 21930497 composite?
False
Is 303518287 composite?
False
Is 6653039 prime?
True
Is 118685027 composite?
True
Is 72899947 prime?
False
Is 1540529 a prime number?
False
Is 108732361 a prime number?
False
Is 574001 composite?
True
Is 13220563 prime?
False
Is 1051833899 prime?
True
Is 47345401 prime?
False
Is 10849561 a composite number?
True
Is 506221 composite?
True
Is 2004773 a composite number?
False
Is 112841713 prime?
True
Is 1047169 prime?
False
Is 30893917 composite?
False
Is 830497 composite?
False
Is 6822043 a composite number?
False
Is 3683743 prime?
False
Is 21011491 a prime number?
False
Is 38611817 a composite number?
True
Is 493519 composite?
True
Is 267807381 a composite number?
True
Is 39283829 prime?
False
Is 1306643 a prime number?
False
Is 248000251 a prime number?
True
Is 13668091 a prime number?
False
Is 41592403 a composite number?
True
Is 1040285 a composite number?
True
Is 993193 a prime number?
False
Is 380847671 composite?
False
Is 24465967 a prime number?
True
Is 3644279 a prime number?
True
Is 13277267 composite?
False
Is 26397754 prime?
False
Is 53263199 a composite number?
True
Is 2206709 a prime number?
True
Is 2753783 a prime number?
True
Is 18802103 a composite number?
True
Is 32851993 a prime number?
True
Is 2203033 prime?
False
Is 24421841 prime?
True
Is 10310541 prime?
False
Is 4847807 prime?
True
Is 3151319 a composite number?
False
Is 55361333 a prime number?
False
Is 3966071 a composite number?
True
Is 469723 prime?
True
Is 13260359 composite?
True
Is 411205 a prime number?
False
Is 57959207 composite?
False
Is 107053054 composite?
True
Is 2384039 a composite number?
True
Is 4363889 composite?
False
Is 24483097 prime?
True
Is 87336071 a composite number?
True
Is 2260673 a prime number?
True
Is 15855571 a composite number?
False
Is 228881 composite?
False
Is 23956109 a composite number?
False
Is 5037754 a prime number?
False
Is 4071791 composite?
True
Is 25605193 prime?
False
Is 142467371 a prime number?
True
Is 7580227 a prime number?
False
Is 172295905 prime?
False
Is 31817557 a prime number?
False
Is 47426839 a prime number?
True
Is 5834783 a composite number?
True
Is 81689 composite?
False
Is 5562317 a composite number?
False
Is 1479043 a prime number?
False
Is 3363527 a composite number?
False
Is 23424799 prime?
True
Is 5302135 a composite number?
True
Is 2120579 a composite number?
False
Is 153407 a prime number?
True
Is 728731 a prime number?
True
Is 202259719 composite?
False
Is 36526271 composite?
False
Is 65154277 prime?
False
Is 247323547 prime?
True
Is 88034197 a prime number?
True
Is 1417567 a prime number?
False
Is 574031 composite?
False
Is 17578993 prime?
True
Is 380729407 prime?
True
Is 32180735 composite?
True
Is 2150887 a prime number?
False
Is 3973981 a composite number?
True
Is 1355883 composite?
True
Is 13179763 a prime number?
True
Is 117523943 a composite number?
True
Is 20797585 a composite number?
True
Is 32637809 prime?
True
Is 1237441 prime?
True
Is 131547517 a prime number?
True
Is 112059629 composite?
True
Is 52290307 composite?
False
Is 2445307 a prime number?
False
Is 2104051 a composite number?
False
Is 11925997 a composite number?
True
Is 130890754 composite?
True
Is 6030653 a prime number?
True
Is 1748807 composite?
True
Is 2896935433 prime?
False
Is 609673 prime?
True
Is 61160903 composite?
False
Is 34138699 a composite number?
True
Is 72819353 a composite number?
False
Is 21137231 a prime number?
True
Is 47807197 a composite number?
True
Is 12259419 prime?
False
Is 4047157 a prime number?
True
Is 28941169 prime?
True
Is 17993377 a prime number?
True
Is 5342117 a prime number?
False
Is 8290721 composite?
True
Is 14834847 a prime number?
False
Is 17090807 composite?
False
Is 155171 a composite number?
False
Is 13296377 a composite number?
False
Is 628709 prime?
True
Is 5711366 a prime number?
False
Is 17743361 composite?
False
Is 30995035 composite?
True
Is 47709947 a prime number?
True
Is 71927827 a prime number?
False
Is 154607581 a prime number?
False
Is 310198835 a composite number?
True
Is 10094911 a prime number?
True
Is 102874643 prime?
False
Is 6523277 a composite number?
False
Is 8576077 prime?
True
Is 61512509 a composite number?
True
Is 942343 composite?
True
Is 881086 a composite number?
True
Is 46764383 composite?
False
Is 217203958 a prime number?
False
Is 45345983 composite?
True
Is 38741981 composite?
False
Is 3313099 composite?
False
Is 4232693 a composite number?
False
Is 17302973 a prime number?
True
Is 468421 a prime number?
True
Is 60025841 a prime number?
True
Is 10952789 a composite number?
False
Is 5196757 a prime number?
False
Is 173153 a composite number?
True
Is 6310591 composite?
True
Is 10295681 a composite number?
True
Is 225888361 prime?
True
Is 2411043611 a prime number?
True
Is 669439 a composite number?
True
Is 24632273 prime?
True
Is 3706107 prime?
False
Is 101899849 prime?
False
Is 1146697 composite?
False
Is 458594387 prime?
True
Is 6234121 a composite number?
True
Is 18054181 a composite number?
True
Is 2249693 prime?
True
Is 49666093 a prime number?
True
Is 84872839 composite?
False
Is 118073933 a prime number?
True
Is 15643523 a composite number?
True
Is 7724242 a composite number?
True
Is 258953 a composite number?
True
Is 123691033 prime?
False
Is 4804021 a prime number?
True
Is 10710005 a prime number?
False
Is 3767485 prime?
False
Is 134603113 a prime number?
False
Is 54083 a prime number?
True
Is 4643393 prime?
False
Is 1886693 prime?
True
Is 62481431 a prime number?
True
Is 44679571 composite?
True
Is 61978049 composite?
True
Is 675919 prime?
False
Is 1173993 a prime number?
False
Is 1587917 a prime number?
True
Is 5397869 a composite number?
True
Is 223217039 prime?
True
Is 1684889 a composite number?
True
Is 11067143 prime?
True
Is 5613743 composite?
True
Is 7324949 composite?
False
Is 18887534 a composite number?
True
Is 3736003 composite?
False
Is 28890957 a prime number?
False
Is 79224247 a composite number?
True
Is 257718733 composite?
False
Is 234865993 a composite number?
False
Is 249911 a composite number?
False
Is 221327 composite?
False
Is 120138791 a composite number?
True
Is 180964421 a prime number?
False
Is 11194643 composite?
True
Is 1139461 prime?
True
Is 12497 a composite number?
False
Is 138987269 composite?
True
Is 14354 a prime number?
False
Is 494099 composite?
True
Is 180473303 a prime number?
False
Is 31442347 composite?
False
Is 114385951 a composite number?
True
Is 28907 a prime number?
False
Is 1471101 a prime number?
False
Is 26898161 a composite number?
False
Is 8867843 a prime number?
True
Is 14138233 a prime number?
True
Is 2178641 composite?
False
Is 95327851 prime?
False
Is 5463277 prime?
False
Is 502596047 a composite number?
False
Is 28036867 a composite number?
Fa